{"id":7474,"date":"2021-08-30T22:34:35","date_gmt":"2021-08-30T22:34:35","guid":{"rendered":"http:\/\/geccbc.org\/?page_id=7474"},"modified":"2021-08-30T23:06:02","modified_gmt":"2021-08-30T23:06:02","slug":"fuente","status":"publish","type":"page","link":"https:\/\/geccbc.org\/?page_id=7474","title":{"rendered":"Fuente"},"content":{"rendered":"\t\t<div data-elementor-type=\"wp-page\" data-elementor-id=\"7474\" class=\"elementor elementor-7474\">\n\t\t\t\t\t\t<section class=\"elementor-section elementor-top-section elementor-element elementor-element-dbc41bb elementor-section-boxed elementor-section-height-default elementor-section-height-default\" data-id=\"dbc41bb\" data-element_type=\"section\" data-e-type=\"section\" data-settings=\"{&quot;background_background&quot;:&quot;classic&quot;}\">\n\t\t\t\t\t\t<div class=\"elementor-container elementor-column-gap-default\">\n\t\t\t\t\t<div class=\"elementor-column elementor-col-100 elementor-top-column elementor-element elementor-element-dbc46e4\" data-id=\"dbc46e4\" data-element_type=\"column\" data-e-type=\"column\">\n\t\t\t<div class=\"elementor-widget-wrap elementor-element-populated\">\n\t\t\t\t\t\t<div class=\"elementor-element elementor-element-870ef45 elementor-widget elementor-widget-image\" data-id=\"870ef45\" data-element_type=\"widget\" data-e-type=\"widget\" data-widget_type=\"image.default\">\n\t\t\t\t<div class=\"elementor-widget-container\">\n\t\t\t\t\t\t\t\t\t\t\t\t\t\t\t<img fetchpriority=\"high\" decoding=\"async\" width=\"1024\" height=\"522\" src=\"https:\/\/geccbc.org\/wp-content\/uploads\/2021\/08\/fuente-1024x522.jpg\" class=\"attachment-large size-large wp-image-7509\" alt=\"\" srcset=\"https:\/\/geccbc.org\/wp-content\/uploads\/2021\/08\/fuente-1024x522.jpg 1024w, https:\/\/geccbc.org\/wp-content\/uploads\/2021\/08\/fuente-300x153.jpg 300w, https:\/\/geccbc.org\/wp-content\/uploads\/2021\/08\/fuente-768x391.jpg 768w, https:\/\/geccbc.org\/wp-content\/uploads\/2021\/08\/fuente-18x9.jpg 18w, https:\/\/geccbc.org\/wp-content\/uploads\/2021\/08\/fuente-900x459.jpg 900w, https:\/\/geccbc.org\/wp-content\/uploads\/2021\/08\/fuente.jpg 1046w\" sizes=\"(max-width: 1024px) 100vw, 1024px\" \/>\t\t\t\t\t\t\t\t\t\t\t\t\t\t\t<\/div>\n\t\t\t\t<\/div>\n\t\t\t\t<div class=\"elementor-element elementor-element-dbc4c44 elementor-widget elementor-widget-text-editor\" data-id=\"dbc4c44\" data-element_type=\"widget\" data-e-type=\"widget\" data-widget_type=\"text-editor.default\">\n\t\t\t\t<div class=\"elementor-widget-container\">\n\t\t\t\t\t\t\t\t\t<p><span style=\"font-size: 14pt;\"><strong>Fuentes de Contenidos<\/strong><\/span><\/p>\n<p>Una aproximaci\u00f3n a la Sociedad de la Informaci\u00f3n y del Conocimiento<\/p>\n<p><span style=\"color: #3366ff;\">http:\/\/pepsic.bvsalud.org\/pdf\/remo\/v5n11\/v5n11a04.pdf<\/span><\/p>\n<p><span style=\"font-size: 14pt;\"><strong><span style=\"color: #3366ff;\">\u00a0<\/span><\/strong><\/span><\/p>\n<p><span style=\"font-size: 14pt;\"><strong>La Fundaci\u00f3n Gesti\u00f3n del Conocimiento<\/strong><\/span><\/p>\n<p>Es una organizaci\u00f3n sin \u00e1nimo de lucro. Es una entidad que desarrolla su operativa de forma completamente independiente de cualquier organismo o empresa ya sea p\u00fablica o privada. Surge por la necesidad de impulsar y dinamizar la gesti\u00f3n del conocimiento a trav\u00e9s de difundir las mejores t\u00e9cnicas, m\u00e9todos y pr\u00e1cticas existentes entre todas las personas.<\/p>\n<p><span style=\"color: #3366ff;\">https:\/\/fundaciongestiondelconocimiento.org\/<\/span><\/p>\n<p><strong>INNOVACI\u00d3N Y DESARROLLO TECNOL\u00d3GICO EN M\u00c9XICO. ESTUDIOS SECTORIALES Y REGIONALES<\/strong><br \/>Libro<br \/>El libro tiene como objetivo contribuir al debate en torno a la experiencia mexicana sobre el desarrollo y la innovaci\u00f3n tecnol\u00f3gica en el sector industrial, a partir de diferentes enfoques y niveles de an\u00e1lisis; identificando el papel que juegan los distintos actores, empresas, gobiernos, instituciones de educaci\u00f3n e investigaci\u00f3n, entre los principales. Considerando el entorno de la acumulaci\u00f3n de capital mundial.<\/p>\n<p><span style=\"color: #3366ff;\">https:\/\/pensalatitec.iiec.unam.mx\/sites\/pensalatitec.iiec.unam.mx\/files\/2020-02\/innovacion_y_desarrollo_tecnologico.pdf <\/span><br \/><span style=\"color: #3366ff;\">\/55<\/span><\/p>\n<p><strong><span style=\"font-size: 14pt;\">M\u00e9rida<\/span><\/strong><br \/>La ciudad de M\u00e9rida formul\u00f3 un Plan Estrat\u00e9gico con perspectiva al a\u00f1o 2030, con el prop\u00f3sito de potenciar las capacidades de innovaci\u00f3n existentes; impulsar la innovaci\u00f3n tecnol\u00f3gica, el establecimiento de empresas del conocimiento, la educaci\u00f3n con est\u00e1ndares de calidad internacional, el dise\u00f1o e implementaci\u00f3n de pol\u00edticas y programas de incentivos para fomentar las actividades econ\u00f3micas, relacionadas con el conocimiento.<\/p>\n<p><span style=\"font-size: 14pt;\"><strong>la Fundaci\u00f3n Plan Estrat\u00e9gico de M\u00e9rida A.C<\/strong><\/span><\/p>\n<p><span style=\"color: #3366ff;\">http:\/\/acervo.yucatan.gob.mx\/contenidos\/FPEM_2010.pdf<\/span><\/p>\n<p><strong><span style=\"font-size: 14pt;\">Centro de An\u00e1lisis para la Investigaci\u00f3n en Innovaci\u00f3n<\/span><\/strong> <span style=\"font-size: 14pt;\"><strong>CAIINO<\/strong><\/span><\/p>\n<p>CAIINNO es una think tank constituida por personas que viven en M\u00e9xico despu\u00e9s de terminar estudios de posgrado en el extranjero, buscando generar un cambio positivo en M\u00e9xico, aprovechando su experiencia, conocimiento y contactos obtenidos, principalmente como beneficiarios de la beca Fulbright.<\/p>\n<p><span style=\"color: #3366ff;\">https:\/\/www.caiinno.org\/ <\/span><br \/><span style=\"color: #3366ff;\">https:\/\/www.caiinno.org\/wp-content\/uploads\/2018\/12\/INDICE-2018.pdf<\/span><\/p>\n<p><span style=\"font-size: 14pt;\"><strong>Think Tanks y Centros de Estudio. Los nuevos mecanismos de influencia pol\u00edtica en el Chile post-autoritario<\/strong><\/span><\/p>\n<p><span style=\"color: #3366ff;\">https:\/\/journals.openedition.org\/nuevomundo\/11152?lang=fr<\/span><\/p>\n<p><span style=\"font-size: 14pt;\"><strong>CDT Tijuana miembro de CIDEU<\/strong><\/span><\/p>\n<p><span style=\"color: #3366ff;\">https:\/\/www.cideu.org\/miembro\/tijuana-cdt\/<\/span><\/p>\n<p>El Consejo de Desarrollo de Tijuana es instituci\u00f3n privada sin fines de lucro en la que se conjugan las voluntades de Gobierno del Estado, Municipio de Tijuana e Iniciativa Privada, en un esfuerzo de planeaci\u00f3n y ejecuci\u00f3n de proyectos a largo plazo con el objetivo de elevar el desarrollo econ\u00f3mico y social de Tijuana.<\/p>\n<p><strong><span style=\"font-size: 14pt;\">Banco Mundial KAM<\/span><\/strong><\/p>\n<p>KAM (Knowledge Assessment Methodology) es una herramienta interactiva creada por el Programa de Conocimiento para el Desarrollo para ayudar a los pa\u00edses a identificar los retos y oportunidades a los que se enfrentan para llevar a cabo la transici\u00f3n a una econom\u00eda basada en el conocimiento. El KAM consta de 148 variables estructurales y cualitativas de 146 pa\u00edses para medir su desempe\u00f1o en los cuatro pilares de la Econom\u00eda del Conocimiento (Knowledge Economy, KE 4):<\/p>\n<p><span style=\"color: #3366ff;\">https:\/\/documentos.bancomundial.org\/es\/publication\/documents-reports\/documentdetail\/695211468153873436\/the-knowledge-economy-the-kam-methodology-and-world-bank-operations<\/span><\/p>\n<p><span style=\"font-size: 14pt;\"><strong>ODS Pacto Mundial Red M\u00e9xico<\/strong><\/span><\/p>\n<p><span style=\"color: #3366ff;\">https:\/\/www.pactomundial.org.mx\/<\/span><\/p>\n<p><span style=\"font-size: 14pt;\"><strong>ODS <\/strong><\/span><br \/><span style=\"font-size: 14pt;\"><strong>(OBJETIVOS DE DESARROLLO SUSTENTABLE)<\/strong><\/span><\/p>\n<p><span style=\"color: #3366ff;\">https:\/\/www.pactomundial.org.mx\/wp-content\/uploads\/2020\/04\/ODS-Metas-e-indicadores_compressed.pdf<\/span><\/p>\n<p><strong><span style=\"font-size: 14pt;\">J\u00f3venes Innovadores por los ODS<\/span><\/strong><\/p>\n<p>Almaraz, Araceli. (2009). Debilidades en el ambiente institucional en la frontera norte de M\u00e9xico: el caso de Baja California. Carta econ\u00f3mica regional: CER. 5. El Colegio de la Frontera Norte<\/p>\n<p>file:\/\/\/Users\/josegomez\/Downloads\/DebilidadesenelambienteinstitucionalenlaFronteraNortedeMxico%20(4).pdf<\/p>\n<p>Una Aproximaci\u00f3n a la Sociedad de la Informaci\u00f3n y del Conocimiento<br \/><span style=\"color: #3366ff;\">http:\/\/pepsic.bvsalud.org\/pdf\/remo\/v5n11\/v5n11a04.pdf<\/span><\/p>\n<p>M\u00e9xico en los indicadores globales relacionados con la competitividad y la innovaci\u00f3n<\/p>\n<p><span style=\"color: #3366ff;\">https:\/\/www.foroconsultivo.org.mx\/FCCyT\/documentos\/Mexico_indicadores.pdf<\/span><\/p>\n<p>Ciudades en la sociedad del conocimiento: Enfoques y pol\u00edticas<br \/><span style=\"color: #3366ff;\">https:\/\/core.ac.uk\/download\/pdf\/61707214.pdf<\/span><\/p>\n<p>ENDEAVOR<br \/>lideramos el movimiento de emprendimiento de Alto Impacto a nivel global, promoviendo la transformaci\u00f3n econ\u00f3mica, social y cultural, a trav\u00e9s de la selecci\u00f3n y crecimiento de los mejores emprendedores y sus Scaleups.<br \/><span style=\"color: #3366ff;\">https:\/\/www.endeavor.org.mx\/index.html<\/span><\/p>\n<p><span style=\"font-size: 14pt;\"><strong>Pol\u00edticas P\u00fablicas<\/strong><\/span><\/p>\n<p><a href=\"http:\/\/proxse16.univalle.edu.co\/~secretariageneral\/consejo-academico\/temasdediscusion\/2014\/Documentos_de_interes_general\/Lecturas_politica_publica\/Que%20son%20y%20para%20que%20sirven%20las%20politicas%20publicas_Aguilar.pdf\" target=\"_blank\" rel=\"noopener\"><span style=\"color: #3366ff;\">Enlace<\/span><\/a><\/p>\n<p><span style=\"font-size: 14pt;\"><strong>Filosof\u00eda y ciencias sociales <\/strong><\/span><br \/><span style=\"font-size: 14pt;\"><strong>GI Global<\/strong><\/span><\/p>\n<p>Is a leading international academic publisher committed to facilitating the discovery of pioneering research that enhances and expands the body of knowledge available to the research community.<\/p>\n<p><span style=\"color: #3366ff;\">https:\/\/archivos.juridicas.unam.mx\/www\/bjv\/libros\/1\/34\/7.pdf<\/span><\/p>\n<p><span style=\"color: #3366ff;\">https:\/\/www.igi-global.com\/<\/span><\/p>\n<p><span style=\"font-size: 14pt;\"><strong>UNIDOS<\/strong><\/span><\/p>\n<p>Impulsan el desarrollo de las personas con discapacidad.\u00a0<\/p>\n<p><span style=\"color: #3366ff;\">https:\/\/www.unidos.com.mx\/<\/span><\/p>\n<p><strong><span style=\"font-size: 14pt;\">CEPAL<\/span><\/strong><\/p>\n<p>AM\u00c9RICA LATINA Y EL CARIBE EN LA TRANSICI\u00d3N HACIA UNA SOCIEDAD DEL CONOCIMIENTO Una agenda de pol\u00edticas p\u00fablicas<br \/><span style=\"color: #3366ff;\">https:\/\/repositorio.cepal.org\/bitstream\/handle\/11362\/3245\/1\/S2000927_es.pdf<\/span><\/p>\n<p><strong><span style=\"font-size: 14pt;\">LA ECONOM\u00cdA DEL CONOCIMIENTO EN AM\u00c9RICA LATINA; \u00bfHACIA LA IRRELEVANCIA?<\/span><\/strong><\/p>\n<p><span style=\"color: #3366ff;\">https:\/\/www.redalyc.org\/pdf\/171\/17125407006.pdf<\/span><\/p>\n<p><span style=\"font-size: 14pt;\"><strong>\u00bfQu\u00e9 son los l\u00edderes sociales?<\/strong><\/span><\/p>\n<p><span style=\"color: #3366ff;\">https:\/\/www.larepublica.co\/especiales\/lideres-sociales-en-colombia\/se-habla-mucho-de-ellos-pero-que-es-y-que-hace-un-lider-social-3123581 <\/span><br \/><span style=\"color: #3366ff;\">INDICADORES<\/span><\/p>\n<p><span style=\"color: #3366ff;\">http:\/\/www.scielo.org.mx\/scielo.php?script=sci_arttext&amp;pid=S0188-76532012000200003<\/span><\/p>\n<p><strong><span style=\"font-size: 14pt;\">RED ESTATAL de Cl\u00fasteres de Baja California<\/span><\/strong><\/p>\n<p>La Red Estatal de Cl\u00fasteres de Baja California, es una entidad que provee soporte a los agrupamientos empresariales del estado (Cl\u00fasteres).<\/p>\n<p><span style=\"color: #3366ff;\">https:\/\/icluster-bajacalifornia.spribo.com\/home<\/span><\/p>\n<p><strong><span style=\"font-size: 14pt;\">Spribo<\/span><\/strong><\/p>\n<p>Crear comunidades en l\u00ednea contextuales (redes de conocimiento), a trav\u00e9s de una plataforma de personalizaci\u00f3n de nueva generaci\u00f3n que permite entregar el contenido m\u00e1s relevante a las personas indicadas.<br \/><span style=\"color: #3366ff;\">https:\/\/www.spribo.com\/<\/span><\/p>\n<p><span style=\"font-size: 14pt;\"><strong>FUMEC<\/strong><\/span><\/p>\n<p>La Fundaci\u00f3n M\u00e9xico-Estados Unidos para la Ciencia A.C. (FUMEC) es una organizaci\u00f3n no gubernamental creada a fines de 1992 a partir de un acuerdo binacional, con la misi\u00f3n de promover y apoyar la colaboraci\u00f3n en ciencia, tecnolog\u00eda, desarrollo econ\u00f3mico y social basado en innovaci\u00f3n entre los dos pa\u00edses.<br \/><span style=\"color: #3366ff;\">https:\/\/www.fumec.org\/<\/span><\/p>\n<p><strong><span style=\"font-size: 14pt;\">CONSEJO MEXICANO-ESTADOUNIDENSE PARA EL EMPRENDIMIENTO Y LA INNOVACI\u00d3N<\/span><\/strong><\/p>\n<p>El Museic, un mecanismo que fomenta la colaboraci\u00f3n entre gobiernos, sector privado y academia de ambos pa\u00edses, buscar\u00e1 su sostenibilidad y autonom\u00eda.<\/p>\n<p><span style=\"color: #3366ff;\">https:\/\/www.radioformula.com.mx\/noticias\/mexico\/20160806\/concluye-en-tijuana-quinta-reunion-del-consejo-mexicano-estadounidense-para-emprendimiento-e-innovacion\/<\/span><\/p>\n<p><span style=\"font-size: 14pt;\"><strong>CALIBAJA<\/strong><\/span><\/p>\n<p>The Cali Baja Bi-National Mega-Region is a globally unique bi-national location that offers the most COMPETITIVE business platform in North America, by leveraging complementary resources and capabilities, it offers \u201cThe Best of Both Worlds\u201d.<\/p>\n<p><span style=\"color: #3366ff;\">http:\/\/calibaja.net\/<\/span><\/p>\n<p><span style=\"font-size: 14pt;\"><strong>Zef<\/strong><\/span><br \/><span style=\"font-size: 14pt;\"><strong>ZONA ECON\u00d3MICA FRONTERIZA<\/strong><\/span><\/p>\n<p>La ZEF es un espacio geogr\u00e1fico abierto al mundo que promueve actividades que crean empleos, incentivan la atracci\u00f3n de inversi\u00f3n y promueven el desarrollo econ\u00f3mico regional a trav\u00e9s de la innovaci\u00f3n.<br \/>Para ello, el gobierno federal, estatal y municipal implementan pol\u00edticas diferenciadas en los \u00e1mbitos comercial, fiscal, industrial y empresaria<\/p>\n<p><span style=\"color: #3366ff;\">http:\/\/www.foroconsultivo.org.mx\/eventos_realizados\/ciclo_talleres_competitividad\/taller_3\/mario_escobedo.pdf<\/span><\/p>\n<p><strong><span style=\"font-size: 14pt;\">TCI<\/span><\/strong><\/p>\n<p>TCI Network is the leading global network of people and organizations working in clusters and innovation ecosystems around the world. We create global connections, inspire clusters and improve policy learning. Founded in1998, TCI Network is a non-profit, non-governmental organization open to members from all continents.<\/p>\n<p><span style=\"color: #3366ff;\">https:\/\/www.tci-network.org\/<\/span><\/p>\n<p><span style=\"font-size: 14pt;\"><strong>biblat <\/strong><\/span><br \/><span style=\"font-size: 14pt;\"><strong>Bibliograf\u00eda Latinoamericana<\/strong><\/span><\/p>\n<p>Biblat es un portal especializado en revistas cient\u00edficas y acad\u00e9micas publicadas en Am\u00e9rica Latina y el Caribe, que ofrece los siguientes servicios.<\/p>\n<p><span style=\"color: #3366ff;\">https:\/\/biblat.unam.mx\/es\/<\/span><\/p>\n<p><span style=\"font-size: 14pt;\"><strong>CL\u00daSTER DE TECNOLOG\u00cdAS DE INFORMACI\u00d3N DE BAJA CALIFORNIA<\/strong><\/span><\/p>\n<p><span style=\"color: #3366ff;\">https:\/\/itbaja.com\/c<\/span><\/p>\n\t\t\t\t\t\t\t\t<\/div>\n\t\t\t\t<\/div>\n\t\t\t\t\t<\/div>\n\t\t<\/div>\n\t\t\t\t<div class=\"elementor-column elementor-col-25 elementor-top-column elementor-element elementor-element-dbc6d3f elementor-hidden-tablet elementor-hidden-phone\" data-id=\"dbc6d3f\" data-element_type=\"column\" data-e-type=\"column\">\n\t\t\t<div class=\"elementor-widget-wrap elementor-element-populated\">\n\t\t\t\t\t\t<div class=\"elementor-element elementor-element-dbc71ea elementor-widget elementor-widget-stm_sidebar\" data-id=\"dbc71ea\" data-element_type=\"widget\" data-e-type=\"widget\" data-widget_type=\"stm_sidebar.default\">\n\t\t\t\t<div class=\"elementor-widget-container\">\n\t\t\t\t\t\n<div class=\"stm_sidebar consulting_elementor_sidebar\">\n\n            \t\t<div data-elementor-type=\"wp-post\" data-elementor-id=\"311\" class=\"elementor elementor-311\">\n\t\t\t\t\t\t<section class=\"elementor-section elementor-top-section elementor-element elementor-element-d09570c elementor-section-boxed elementor-section-height-default elementor-section-height-default\" data-id=\"d09570c\" data-element_type=\"section\" data-e-type=\"section\" data-settings=\"{&quot;background_background&quot;:&quot;classic&quot;}\">\n\t\t\t\t\t\t<div class=\"elementor-container elementor-column-gap-default\">\n\t\t\t\t\t<div class=\"elementor-column elementor-col-100 elementor-top-column elementor-element elementor-element-d095bde\" data-id=\"d095bde\" data-element_type=\"column\" data-e-type=\"column\">\n\t\t\t<div class=\"elementor-widget-wrap elementor-element-populated\">\n\t\t\t\t\t\t<div class=\"elementor-element elementor-element-d096868 elementor-align-left elementor-widget elementor-widget-button\" data-id=\"d096868\" data-element_type=\"widget\" data-e-type=\"widget\" data-widget_type=\"button.default\">\n\t\t\t\t<div class=\"elementor-widget-container\">\n\t\t\t\t\t\t\t\t\t<div class=\"elementor-button-wrapper icon_align_  button_block\">\n\t\t\t\t\t<a class=\"elementor-button elementor-button-link elementor-size-lg\" href=\"http:\/\/geccbc.org\/wp-content\/uploads\/2021\/08\/Plan-Estrate\u0301gico-CCBC.pdf\" target=\"_blank\">\n\t\t\t\t\t\t<span class=\"elementor-button-content-wrapper\">\n\t\t\t\t\t\t<span class=\"elementor-button-icon\">\n\t\t\t\t<i aria-hidden=\"true\" class=\"fa fa-file-pdf-o\"><\/i>\t\t\t<\/span>\n\t\t\t\t\t\t\t\t\t<span class=\"elementor-button-text\">DESCARGA PLAN ESTRAT\u00c9GICO<\/span>\n\t\t\t\t\t<\/span>\n\t\t\t\t\t<\/a>\n\t\t\t\t<\/div>\n\t\t\t\t\t\t\t\t<\/div>\n\t\t\t\t<\/div>\n\t\t\t\t\t<\/div>\n\t\t<\/div>\n\t\t\t\t\t<\/div>\n\t\t<\/section>\n\t\t\t\t<section class=\"elementor-section elementor-top-section elementor-element elementor-element-d097479 elementor-section-boxed elementor-section-height-default elementor-section-height-default\" data-id=\"d097479\" data-element_type=\"section\" data-e-type=\"section\" data-settings=\"{&quot;background_background&quot;:&quot;classic&quot;}\">\n\t\t\t\t\t\t<div class=\"elementor-container elementor-column-gap-default\">\n\t\t\t\t\t<div class=\"elementor-column elementor-col-100 elementor-top-column elementor-element elementor-element-d097949\" data-id=\"d097949\" data-element_type=\"column\" data-e-type=\"column\" data-settings=\"{&quot;background_background&quot;:&quot;classic&quot;}\">\n\t\t\t<div class=\"elementor-widget-wrap elementor-element-populated\">\n\t\t\t\t\t\t<div class=\"elementor-element elementor-element-d097d55 elementor-widget elementor-widget-vc_custom_heading\" data-id=\"d097d55\" data-element_type=\"widget\" data-e-type=\"widget\" data-widget_type=\"vc_custom_heading.default\">\n\t\t\t\t<div class=\"elementor-widget-container\">\n\t\t\t\t\t<div class=\" vc_custom_heading  consulting_heading_font  text_align_left title_no_stripe\" ><h4 style=\"font-size: 16px;color: #ffffff;text-align: left;font-weight:100\" class=\"consulting-custom-title\">\u00bfComo podemos ayudarte? \n<\/h4><\/div>\t\t\t\t<\/div>\n\t\t\t\t<\/div>\n\t\t\t\t<div class=\"elementor-element elementor-element-d0982b8 elementor-widget elementor-widget-text-editor\" data-id=\"d0982b8\" data-element_type=\"widget\" data-e-type=\"widget\" data-widget_type=\"text-editor.default\">\n\t\t\t\t<div class=\"elementor-widget-container\">\n\t\t\t\t\t\t\t\t\t<p><span style=\"font-size: 13px; line-height: 22px; color: #ffffff;\">Cont\u00e1ctanos, preguntanos tus dudas o \u00fanete a nuestro movimiento.<\/span><\/p>\n\t\t\t\t\t\t\t\t<\/div>\n\t\t\t\t<\/div>\n\t\t\t\t<div class=\"elementor-element elementor-element-d098586 elementor-widget__width-auto elementor-widget elementor-widget-button\" data-id=\"d098586\" data-element_type=\"widget\" data-e-type=\"widget\" data-widget_type=\"button.default\">\n\t\t\t\t<div class=\"elementor-widget-container\">\n\t\t\t\t\t\t\t\t\t<div class=\"elementor-button-wrapper icon_align_  \">\n\t\t\t\t\t<a class=\"elementor-button elementor-button-link elementor-size-sm\" href=\"http:\/\/geccbc.org\/?page_id=1529\">\n\t\t\t\t\t\t<span class=\"elementor-button-content-wrapper\">\n\t\t\t\t\t\t<span class=\"elementor-button-icon\">\n\t\t\t\t<i aria-hidden=\"true\" class=\"fa fa-phone-square\"><\/i>\t\t\t<\/span>\n\t\t\t\t\t\t\t\t\t<span class=\"elementor-button-text\">Cont\u00e1ctanos<\/span>\n\t\t\t\t\t<\/span>\n\t\t\t\t\t<\/a>\n\t\t\t\t<\/div>\n\t\t\t\t\t\t\t\t<\/div>\n\t\t\t\t<\/div>\n\t\t\t\t\t<\/div>\n\t\t<\/div>\n\t\t\t\t\t<\/div>\n\t\t<\/section>\n\t\t\t\t<section class=\"elementor-section elementor-top-section elementor-element elementor-element-d098f9f elementor-section-boxed elementor-section-height-default elementor-section-height-default\" data-id=\"d098f9f\" data-element_type=\"section\" data-e-type=\"section\">\n\t\t\t\t\t\t<div class=\"elementor-container elementor-column-gap-default\">\n\t\t\t\t\t<div class=\"elementor-column elementor-col-100 elementor-top-column elementor-element elementor-element-d099395\" data-id=\"d099395\" data-element_type=\"column\" data-e-type=\"column\">\n\t\t\t<div class=\"elementor-widget-wrap elementor-element-populated\">\n\t\t\t\t\t\t<div class=\"elementor-element elementor-element-d0996ce elementor-widget elementor-widget-stm_testimonials\" data-id=\"d0996ce\" data-element_type=\"widget\" data-e-type=\"widget\" data-widget_type=\"stm_testimonials.default\">\n\t\t\t\t<div class=\"elementor-widget-container\">\n\t\t\t\t\t\n\n            <div class=\"stm_testimonials consulting_elementor_testimonials style_1\">\n                            <div class=\"item\">\n                    <div class=\"testimonial\"><p>\u201cLos motores econ\u00f3micos de las naciones son las ciudades\u201d<\/p>\n<\/div>\n                    <div class=\"testimonial-info clearfix\">\n                        <div class=\"testimonial-image\"><\/div>\n                        <div class=\"testimonial-text\">\n                            <div class=\"name\">Motores Econ\u00f3micos<\/div>\n                            <div class=\"company\">\n                                Jorge Guzm\u00e1n, CCBC                            <\/div>\n                        <\/div>\n                    <\/div>\n                <\/div>\n                    <\/div>\n    \n\t\t\t\t<\/div>\n\t\t\t\t<\/div>\n\t\t\t\t\t<\/div>\n\t\t<\/div>\n\t\t\t\t\t<\/div>\n\t\t<\/section>\n\t\t\t\t<\/div>\n\t\t    \n<\/div>\t\t\t\t<\/div>\n\t\t\t\t<\/div>\n\t\t\t\t\t<\/div>\n\t\t<\/div>\n\t\t\t\t\t<\/div>\n\t\t<\/section>\n\t\t\t\t<section class=\"elementor-section elementor-top-section elementor-element elementor-element-dbc72b4 third_bg_color elementor-section-boxed elementor-section-height-default elementor-section-height-default\" data-id=\"dbc72b4\" data-element_type=\"section\" data-e-type=\"section\" data-settings=\"{&quot;background_background&quot;:&quot;classic&quot;}\">\n\t\t\t\t\t\t<div class=\"elementor-container elementor-column-gap-default\">\n\t\t\t\t\t<div class=\"elementor-column elementor-col-100 elementor-top-column elementor-element elementor-element-dbc77c2\" data-id=\"dbc77c2\" data-element_type=\"column\" data-e-type=\"column\">\n\t\t\t<div class=\"elementor-widget-wrap elementor-element-populated\">\n\t\t\t\t\t\t<div class=\"elementor-element elementor-element-dbc7be2 elementor-widget elementor-widget-vc_cta\" data-id=\"dbc7be2\" data-element_type=\"widget\" data-e-type=\"widget\" data-widget_type=\"vc_cta.default\">\n\t\t\t\t<div class=\"elementor-widget-container\">\n\t\t\t\t\t\n<div class=\"ce_cta ce_cta_d6c5d03639757ac0c6c480a8f1ef4905 ce_text_left third_bg_color add_button_right btn_align_right btn_button_block_true btn_has_icon btn_has_icon_on_the_right\" id=\"\">\n\n    <div class=\"ce_cta__content\">\n        <div class=\"ce_cta__content__header\">\n            <h2  class='ce_cta__content__title '>\u00a1\u00danete a nuestro movimiento! <\/h2>                    <\/div>\n\n        \n    <\/div>\n\n    \n        <div class=\"ce_cta__action\">\n            <a href=\"#\"\n                              target=\"_self\"\n               class=\"button \">\n                <span>Quiero Unirme<\/span>\n                                    <i class=\"fa fa-chevron-right\"><\/i>\n                            <\/a>\n        <\/div>\n\n    \n<\/div>\n\t\t\t\t<\/div>\n\t\t\t\t<\/div>\n\t\t\t\t\t<\/div>\n\t\t<\/div>\n\t\t\t\t\t<\/div>\n\t\t<\/section>\n\t\t\t\t<\/div>\n\t\t","protected":false},"excerpt":{"rendered":"<p>Fuentes de Contenidos Una aproximaci\u00f3n a la Sociedad de la Informaci\u00f3n y del Conocimiento http:\/\/pepsic.bvsalud.org\/pdf\/remo\/v5n11\/v5n11a04.pdf \u00a0 La Fundaci\u00f3n Gesti\u00f3n del Conocimiento Es una organizaci\u00f3n sin \u00e1nimo de lucro. Es una entidad que desarrolla su operativa de forma completamente independiente de cualquier organismo o empresa ya sea p\u00fablica o privada. Surge por la necesidad de impulsar<\/p>\n","protected":false},"author":1,"featured_media":0,"parent":0,"menu_order":0,"comment_status":"closed","ping_status":"closed","template":"","meta":{"footnotes":""},"class_list":["post-7474","page","type-page","status-publish","hentry"],"_links":{"self":[{"href":"https:\/\/geccbc.org\/index.php?rest_route=\/wp\/v2\/pages\/7474","targetHints":{"allow":["GET"]}}],"collection":[{"href":"https:\/\/geccbc.org\/index.php?rest_route=\/wp\/v2\/pages"}],"about":[{"href":"https:\/\/geccbc.org\/index.php?rest_route=\/wp\/v2\/types\/page"}],"author":[{"embeddable":true,"href":"https:\/\/geccbc.org\/index.php?rest_route=\/wp\/v2\/users\/1"}],"replies":[{"embeddable":true,"href":"https:\/\/geccbc.org\/index.php?rest_route=%2Fwp%2Fv2%2Fcomments&post=7474"}],"version-history":[{"count":16,"href":"https:\/\/geccbc.org\/index.php?rest_route=\/wp\/v2\/pages\/7474\/revisions"}],"predecessor-version":[{"id":7518,"href":"https:\/\/geccbc.org\/index.php?rest_route=\/wp\/v2\/pages\/7474\/revisions\/7518"}],"wp:attachment":[{"href":"https:\/\/geccbc.org\/index.php?rest_route=%2Fwp%2Fv2%2Fmedia&parent=7474"}],"curies":[{"name":"wp","href":"https:\/\/api.w.org\/{rel}","templated":true}]}}