{"id":7519,"date":"2021-08-30T23:09:50","date_gmt":"2021-08-30T23:09:50","guid":{"rendered":"http:\/\/geccbc.org\/?page_id=7519"},"modified":"2021-08-30T23:16:33","modified_gmt":"2021-08-30T23:16:33","slug":"organismos-internacionales-de-apoyo-a-la-gestion","status":"publish","type":"page","link":"https:\/\/geccbc.org\/?page_id=7519","title":{"rendered":"Organismos internacionales de apoyo a la gesti\u00f3n"},"content":{"rendered":"\t\t<div data-elementor-type=\"wp-page\" data-elementor-id=\"7519\" class=\"elementor elementor-7519\">\n\t\t\t\t\t\t<section class=\"elementor-section elementor-top-section elementor-element elementor-element-dbc41bb elementor-section-boxed elementor-section-height-default elementor-section-height-default\" data-id=\"dbc41bb\" data-element_type=\"section\" data-e-type=\"section\" data-settings=\"{&quot;background_background&quot;:&quot;classic&quot;}\">\n\t\t\t\t\t\t<div class=\"elementor-container elementor-column-gap-default\">\n\t\t\t\t\t<div class=\"elementor-column elementor-col-100 elementor-top-column elementor-element elementor-element-dbc46e4\" data-id=\"dbc46e4\" data-element_type=\"column\" data-e-type=\"column\">\n\t\t\t<div class=\"elementor-widget-wrap elementor-element-populated\">\n\t\t\t\t\t\t<div class=\"elementor-element elementor-element-870ef45 elementor-widget elementor-widget-image\" data-id=\"870ef45\" data-element_type=\"widget\" data-e-type=\"widget\" data-widget_type=\"image.default\">\n\t\t\t\t<div class=\"elementor-widget-container\">\n\t\t\t\t\t\t\t\t\t\t\t\t\t\t\t<img fetchpriority=\"high\" decoding=\"async\" width=\"1024\" height=\"508\" src=\"https:\/\/geccbc.org\/wp-content\/uploads\/2021\/08\/todos-1024x508.jpg\" class=\"attachment-large size-large wp-image-7308\" alt=\"\" srcset=\"https:\/\/geccbc.org\/wp-content\/uploads\/2021\/08\/todos-1024x508.jpg 1024w, https:\/\/geccbc.org\/wp-content\/uploads\/2021\/08\/todos-300x149.jpg 300w, https:\/\/geccbc.org\/wp-content\/uploads\/2021\/08\/todos-768x381.jpg 768w, https:\/\/geccbc.org\/wp-content\/uploads\/2021\/08\/todos-900x446.jpg 900w, https:\/\/geccbc.org\/wp-content\/uploads\/2021\/08\/todos-600x297.jpg 600w, https:\/\/geccbc.org\/wp-content\/uploads\/2021\/08\/todos.jpg 1057w\" sizes=\"(max-width: 1024px) 100vw, 1024px\" \/>\t\t\t\t\t\t\t\t\t\t\t\t\t\t\t<\/div>\n\t\t\t\t<\/div>\n\t\t\t\t<div class=\"elementor-element elementor-element-dbc4c44 elementor-widget elementor-widget-text-editor\" data-id=\"dbc4c44\" data-element_type=\"widget\" data-e-type=\"widget\" data-widget_type=\"text-editor.default\">\n\t\t\t\t<div class=\"elementor-widget-container\">\n\t\t\t\t\t\t\t\t\t<p><span style=\"font-size: 18.6667px; color: #000000;\"><b>USAID<\/b><\/span><\/p>\n<p><span style=\"color: #3366ff;\"><a style=\"color: #3366ff;\" href=\"https:\/\/www.usaid.gov\/node\/87831\"><span style=\"font-weight: 400;\">https:\/\/www.usaid.gov\/node\/87831<\/span><\/a><span style=\"font-weight: 400;\">\u00a0<\/span><\/span><\/p>\n<p><span style=\"font-size: 14pt; color: #000000;\"><b>Fundaci\u00f3n Carlos Slim<\/b><b>\u00a0<\/b><\/span><\/p>\n<p><span style=\"font-weight: 400; color: #3366ff;\">https:\/\/fundacioncarlosslim.org\/<\/span><\/p>\n<p>\u00a0<\/p>\n<p><span style=\"font-size: 14pt;\"><a href=\"http:\/\/www.iadb.org\/en\/inter-american-development-bank,2837.html\"><b>Banco Interamericano de Desarrollo (BID)<\/b><\/a><b>\u00a0<\/b><\/span><\/p>\n<p><span style=\"font-weight: 400;\">Trabaja para mejorar la calidad de vida en Am\u00e9rica Latina y el Caribe.<\/span><\/p>\n<p>\u00a0<\/p>\n<p><span style=\"font-size: 14pt;\"><a href=\"http:\/\/www.iclei.org\/\"><b>Local Governments for Sustainability ICLEI<\/b><\/a><\/span><\/p>\n<p><span style=\"font-weight: 400;\">Red global l\u00edder de m\u00e1s de 1.500 ciudades, ciudades y regiones comprometidas con la construcci\u00f3n de un futuro sostenible.<\/span><\/p>\n<p>\u00a0<\/p>\n<p><span style=\"font-size: 14pt;\"><a href=\"http:\/\/www.undp.org\/es\/%20\"><b>Programa de las Naciones Unidas para el Desarrollo<\/b><\/a><\/span><\/p>\n<p><span style=\"font-weight: 400;\">Organismo de Naciones Unidas en materia de desarrollo que promueve el cambio y conecta a los pa\u00edses con los conocimientos, la experiencia y los recursos necesarios para ayudar a los pueblos a forjar una vida mejor.<\/span><\/p>\n<p>\u00a0<\/p>\n<p><span style=\"font-size: 14pt;\"><a href=\"http:\/\/ida.worldbank.org\/about\/what-ida%20%20%20\"><b>International Development Association (IDA)<\/b><\/a><\/span><\/p>\n<p><span style=\"font-weight: 400;\">Es la parte del Banco Mundial que ayuda a los pa\u00edses m\u00e1s pobres del mundo, tiene como objetivo reducir la pobreza proporcionando pr\u00e9stamos (llamados &#8220;cr\u00e9ditos&#8221;) y subvenciones para programas que impulsan el crecimiento econ\u00f3mico, reducen las desigualdades y mejoran las condiciones de vida de las personas.<\/span><\/p>\n<p>\u00a0<\/p>\n<p><span style=\"font-size: 14pt;\"><a href=\"https:\/\/www.clad.org\/acerca-de\/clad\"><b>Centro Latinoamericano de Administraci\u00f3n para el Desarrollo<\/b><\/a><\/span><\/p>\n<p><span style=\"font-weight: 400;\">Organismo p\u00fablico internacional, de car\u00e1cter intergubernamental que promueve el an\u00e1lisis y el intercambio de en torno a la modernizaci\u00f3n de la Administraci\u00f3n P\u00fablica.<\/span><\/p>\n<p>\u00a0<\/p>\n<p><span style=\"font-size: 14pt;\"><a href=\"http:\/\/www.clacso.org.ar\/\"><b>Consejo Latinoamericano de Ciencias Sociales<\/b><\/a><\/span><\/p>\n<p><span style=\"font-weight: 400;\">Instituci\u00f3n internacional que re\u00fane 587 centros de investigaci\u00f3n y posgrado en el campo de las ciencias sociales y las humanidades.<\/span><\/p>\n<p>\u00a0<\/p>\n<p><span style=\"font-size: 14pt;\"><a href=\"http:\/\/polis.org.br\/\"><b>Instituto Polis<\/b><\/a><\/span><\/p>\n<p><span style=\"font-weight: 400;\">Organizaci\u00f3n no gubernamental que se dedica a la construcci\u00f3n de ciudades m\u00e1s justas, sustentables y democr\u00e1ticas.<\/span><\/p>\n<p>\u00a0<\/p>\n<p><span style=\"font-size: 14pt;\"><a href=\"http:\/\/www.lincolninst.edu\/key-issues\"><b>Lincoln Institute of Land Policy (LILP)<\/b><\/a><\/span><\/p>\n<p><span style=\"font-weight: 400;\">Organizaci\u00f3n independiente que ayuda a resolver los desaf\u00edos econ\u00f3micos, sociales y ambientales globales para mejorar la calidad de vida.<\/span><\/p>\n<p>\u00a0<\/p>\n<p><span style=\"font-size: 14pt; color: #000000;\"><b>UNESCO<\/b><\/span><\/p>\n<p><span style=\"font-weight: 400;\">La UNESCO es la Organizaci\u00f3n de las Naciones Unidas para la Educaci\u00f3n, la Ciencia y la Cultura. La UNESCO trata de establecer la paz mediante la cooperaci\u00f3n internacional en materia de educaci\u00f3n, ciencia y cultura. Los programas de la UNESCO contribuyen al logro de los objetivos de desarrollo sostenible definidos en<\/span> <span style=\"font-weight: 400;\">el Programa 2030, aprobado por la Asamblea General de las Naciones Unidas en 2015.<\/span><\/p>\n<p><span style=\"color: #3366ff;\"><a style=\"color: #3366ff;\" href=\"https:\/\/en.unesco.org\/\">https:\/\/en.unesco.org\/<\/a><\/span><\/p>\n<p>\u00a0<\/p>\n<h2><strong><span style=\"font-size: 14pt;\">OIT<\/span><\/strong><\/h2>\n<p><span style=\"font-weight: 400;\">La Organizaci\u00f3n Mundial del Trabajo (OIT) es un organismo perteneciente a las Naciones Unidas creado en 1919 y consolidado en 1944. Su misi\u00f3n es mejorar la calidad laboral a nivel mundial mediante la creaci\u00f3n e instituci\u00f3n de normas de trabajo, pol\u00edticas y programas. Entre sus objetivos se cuentan la eliminaci\u00f3n del trabajo forzoso e infantil, la erradicaci\u00f3n de la discriminaci\u00f3n y la defensa de la libertad de asociaci\u00f3n sindical.<\/span><\/p>\n<p>\u00a0<\/p>\n<p><span style=\"font-size: 14pt; color: #000000;\"><b>OCDE<\/b><\/span><\/p>\n<p><span style=\"font-weight: 400;\">La Organizaci\u00f3n <\/span><b>para<\/b><span style=\"font-weight: 400;\"> la Cooperaci\u00f3n y Desarrollo Econ\u00f3micos (<\/span><b>OCDE<\/b><span style=\"font-weight: 400;\">) es una organizaci\u00f3n internacional que agrupa a 36 pa\u00edses miembros y cuya misi\u00f3n es promover pol\u00edticas que mejoren el bienestar econ\u00f3mico y social de las personas alrededor del mundo.<\/span><\/p>\n<p><span style=\"color: #3366ff;\"><a style=\"color: #3366ff;\" href=\"https:\/\/www.oecd.org\/\"><span style=\"font-weight: 400;\">https:\/\/www.oecd.org\/<\/span><\/a><span style=\"font-weight: 400;\">\u00a0<\/span><\/span><\/p>\n<p>\u00a0<\/p>\n<p><span style=\"font-size: 14pt; color: #000000;\"><b>La AECID<\/b><\/span><\/p>\n<p><span style=\"font-weight: 400;\">La <\/span><b>Agencia Espa\u00f1ola de Cooperaci\u00f3n Internacional para el Desarrollo<\/b><span style=\"font-weight: 400;\"> (AECID) es el principal \u00f3rgano de gesti\u00f3n de la Cooperaci\u00f3n Espa\u00f1ola, orientada a la lucha contra la pobreza y al desarrollo humano sostenible.<\/span><\/p>\n<p><span style=\"color: #3366ff;\"><a style=\"color: #3366ff;\" href=\"https:\/\/www.aecid.es\/ES\/la-aecid\"><span style=\"font-weight: 400;\">https:\/\/www.aecid.es\/ES\/la-aecid<\/span><\/a><span style=\"font-weight: 400;\">\u00a0<\/span><\/span><\/p>\n<p>\u00a0<\/p>\n\t\t\t\t\t\t\t\t<\/div>\n\t\t\t\t<\/div>\n\t\t\t\t\t<\/div>\n\t\t<\/div>\n\t\t\t\t<div class=\"elementor-column elementor-col-25 elementor-top-column elementor-element elementor-element-dbc6d3f elementor-hidden-tablet elementor-hidden-phone\" data-id=\"dbc6d3f\" data-element_type=\"column\" data-e-type=\"column\">\n\t\t\t<div class=\"elementor-widget-wrap elementor-element-populated\">\n\t\t\t\t\t\t<div class=\"elementor-element elementor-element-dbc71ea elementor-widget elementor-widget-stm_sidebar\" data-id=\"dbc71ea\" data-element_type=\"widget\" data-e-type=\"widget\" data-widget_type=\"stm_sidebar.default\">\n\t\t\t\t<div class=\"elementor-widget-container\">\n\t\t\t\t\t\n<div class=\"stm_sidebar consulting_elementor_sidebar\">\n\n            \t\t<div data-elementor-type=\"wp-post\" data-elementor-id=\"311\" class=\"elementor elementor-311\">\n\t\t\t\t\t\t<section class=\"elementor-section elementor-top-section elementor-element elementor-element-d09570c elementor-section-boxed elementor-section-height-default elementor-section-height-default\" data-id=\"d09570c\" data-element_type=\"section\" data-e-type=\"section\" data-settings=\"{&quot;background_background&quot;:&quot;classic&quot;}\">\n\t\t\t\t\t\t<div class=\"elementor-container elementor-column-gap-default\">\n\t\t\t\t\t<div class=\"elementor-column elementor-col-100 elementor-top-column elementor-element elementor-element-d095bde\" data-id=\"d095bde\" data-element_type=\"column\" data-e-type=\"column\">\n\t\t\t<div class=\"elementor-widget-wrap elementor-element-populated\">\n\t\t\t\t\t\t<div class=\"elementor-element elementor-element-d096868 elementor-align-left elementor-widget elementor-widget-button\" data-id=\"d096868\" data-element_type=\"widget\" data-e-type=\"widget\" data-widget_type=\"button.default\">\n\t\t\t\t<div class=\"elementor-widget-container\">\n\t\t\t\t\t\t\t\t\t<div class=\"elementor-button-wrapper icon_align_  button_block\">\n\t\t\t\t\t<a class=\"elementor-button elementor-button-link elementor-size-lg\" href=\"http:\/\/geccbc.org\/wp-content\/uploads\/2021\/08\/Plan-Estrate\u0301gico-CCBC.pdf\" target=\"_blank\">\n\t\t\t\t\t\t<span class=\"elementor-button-content-wrapper\">\n\t\t\t\t\t\t<span class=\"elementor-button-icon\">\n\t\t\t\t<i aria-hidden=\"true\" class=\"fa fa-file-pdf-o\"><\/i>\t\t\t<\/span>\n\t\t\t\t\t\t\t\t\t<span class=\"elementor-button-text\">DESCARGA PLAN ESTRAT\u00c9GICO<\/span>\n\t\t\t\t\t<\/span>\n\t\t\t\t\t<\/a>\n\t\t\t\t<\/div>\n\t\t\t\t\t\t\t\t<\/div>\n\t\t\t\t<\/div>\n\t\t\t\t\t<\/div>\n\t\t<\/div>\n\t\t\t\t\t<\/div>\n\t\t<\/section>\n\t\t\t\t<section class=\"elementor-section elementor-top-section elementor-element elementor-element-d097479 elementor-section-boxed elementor-section-height-default elementor-section-height-default\" data-id=\"d097479\" data-element_type=\"section\" data-e-type=\"section\" data-settings=\"{&quot;background_background&quot;:&quot;classic&quot;}\">\n\t\t\t\t\t\t<div class=\"elementor-container elementor-column-gap-default\">\n\t\t\t\t\t<div class=\"elementor-column elementor-col-100 elementor-top-column elementor-element elementor-element-d097949\" data-id=\"d097949\" data-element_type=\"column\" data-e-type=\"column\" data-settings=\"{&quot;background_background&quot;:&quot;classic&quot;}\">\n\t\t\t<div class=\"elementor-widget-wrap elementor-element-populated\">\n\t\t\t\t\t\t<div class=\"elementor-element elementor-element-d097d55 elementor-widget elementor-widget-vc_custom_heading\" data-id=\"d097d55\" data-element_type=\"widget\" data-e-type=\"widget\" data-widget_type=\"vc_custom_heading.default\">\n\t\t\t\t<div class=\"elementor-widget-container\">\n\t\t\t\t\t<div class=\" vc_custom_heading  consulting_heading_font  text_align_left title_no_stripe\" ><h4 style=\"font-size: 16px;color: #ffffff;text-align: left;font-weight:100\" class=\"consulting-custom-title\">\u00bfComo podemos ayudarte? \n<\/h4><\/div>\t\t\t\t<\/div>\n\t\t\t\t<\/div>\n\t\t\t\t<div class=\"elementor-element elementor-element-d0982b8 elementor-widget elementor-widget-text-editor\" data-id=\"d0982b8\" data-element_type=\"widget\" data-e-type=\"widget\" data-widget_type=\"text-editor.default\">\n\t\t\t\t<div class=\"elementor-widget-container\">\n\t\t\t\t\t\t\t\t\t<p><span style=\"font-size: 13px; line-height: 22px; color: #ffffff;\">Cont\u00e1ctanos, preguntanos tus dudas o \u00fanete a nuestro movimiento.<\/span><\/p>\n\t\t\t\t\t\t\t\t<\/div>\n\t\t\t\t<\/div>\n\t\t\t\t<div class=\"elementor-element elementor-element-d098586 elementor-widget__width-auto elementor-widget elementor-widget-button\" data-id=\"d098586\" data-element_type=\"widget\" data-e-type=\"widget\" data-widget_type=\"button.default\">\n\t\t\t\t<div class=\"elementor-widget-container\">\n\t\t\t\t\t\t\t\t\t<div class=\"elementor-button-wrapper icon_align_  \">\n\t\t\t\t\t<a class=\"elementor-button elementor-button-link elementor-size-sm\" href=\"http:\/\/geccbc.org\/?page_id=1529\">\n\t\t\t\t\t\t<span class=\"elementor-button-content-wrapper\">\n\t\t\t\t\t\t<span class=\"elementor-button-icon\">\n\t\t\t\t<i aria-hidden=\"true\" class=\"fa fa-phone-square\"><\/i>\t\t\t<\/span>\n\t\t\t\t\t\t\t\t\t<span class=\"elementor-button-text\">Cont\u00e1ctanos<\/span>\n\t\t\t\t\t<\/span>\n\t\t\t\t\t<\/a>\n\t\t\t\t<\/div>\n\t\t\t\t\t\t\t\t<\/div>\n\t\t\t\t<\/div>\n\t\t\t\t\t<\/div>\n\t\t<\/div>\n\t\t\t\t\t<\/div>\n\t\t<\/section>\n\t\t\t\t<section class=\"elementor-section elementor-top-section elementor-element elementor-element-d098f9f elementor-section-boxed elementor-section-height-default elementor-section-height-default\" data-id=\"d098f9f\" data-element_type=\"section\" data-e-type=\"section\">\n\t\t\t\t\t\t<div class=\"elementor-container elementor-column-gap-default\">\n\t\t\t\t\t<div class=\"elementor-column elementor-col-100 elementor-top-column elementor-element elementor-element-d099395\" data-id=\"d099395\" data-element_type=\"column\" data-e-type=\"column\">\n\t\t\t<div class=\"elementor-widget-wrap elementor-element-populated\">\n\t\t\t\t\t\t<div class=\"elementor-element elementor-element-d0996ce elementor-widget elementor-widget-stm_testimonials\" data-id=\"d0996ce\" data-element_type=\"widget\" data-e-type=\"widget\" data-widget_type=\"stm_testimonials.default\">\n\t\t\t\t<div class=\"elementor-widget-container\">\n\t\t\t\t\t\n\n            <div class=\"stm_testimonials consulting_elementor_testimonials style_1\">\n                            <div class=\"item\">\n                    <div class=\"testimonial\"><p>\u201cLos motores econ\u00f3micos de las naciones son las ciudades\u201d<\/p>\n<\/div>\n                    <div class=\"testimonial-info clearfix\">\n                        <div class=\"testimonial-image\"><\/div>\n                        <div class=\"testimonial-text\">\n                            <div class=\"name\">Motores Econ\u00f3micos<\/div>\n                            <div class=\"company\">\n                                Jorge Guzm\u00e1n, CCBC                            <\/div>\n                        <\/div>\n                    <\/div>\n                <\/div>\n                    <\/div>\n    \n\t\t\t\t<\/div>\n\t\t\t\t<\/div>\n\t\t\t\t\t<\/div>\n\t\t<\/div>\n\t\t\t\t\t<\/div>\n\t\t<\/section>\n\t\t\t\t<\/div>\n\t\t    \n<\/div>\t\t\t\t<\/div>\n\t\t\t\t<\/div>\n\t\t\t\t\t<\/div>\n\t\t<\/div>\n\t\t\t\t\t<\/div>\n\t\t<\/section>\n\t\t\t\t<section class=\"elementor-section elementor-top-section elementor-element elementor-element-dbc72b4 third_bg_color elementor-section-boxed elementor-section-height-default elementor-section-height-default\" data-id=\"dbc72b4\" data-element_type=\"section\" data-e-type=\"section\" data-settings=\"{&quot;background_background&quot;:&quot;classic&quot;}\">\n\t\t\t\t\t\t<div class=\"elementor-container elementor-column-gap-default\">\n\t\t\t\t\t<div class=\"elementor-column elementor-col-100 elementor-top-column elementor-element elementor-element-dbc77c2\" data-id=\"dbc77c2\" data-element_type=\"column\" data-e-type=\"column\">\n\t\t\t<div class=\"elementor-widget-wrap elementor-element-populated\">\n\t\t\t\t\t\t<div class=\"elementor-element elementor-element-dbc7be2 elementor-widget elementor-widget-vc_cta\" data-id=\"dbc7be2\" data-element_type=\"widget\" data-e-type=\"widget\" data-widget_type=\"vc_cta.default\">\n\t\t\t\t<div class=\"elementor-widget-container\">\n\t\t\t\t\t\n<div class=\"ce_cta ce_cta_d6c5d03639757ac0c6c480a8f1ef4905 ce_text_left third_bg_color add_button_right btn_align_right btn_button_block_true btn_has_icon btn_has_icon_on_the_right\" id=\"\">\n\n    <div class=\"ce_cta__content\">\n        <div class=\"ce_cta__content__header\">\n            <h2  class='ce_cta__content__title '>\u00a1\u00danete a nuestro movimiento! <\/h2>                    <\/div>\n\n        \n    <\/div>\n\n    \n        <div class=\"ce_cta__action\">\n            <a href=\"#\"\n                              target=\"_self\"\n               class=\"button \">\n                <span>Quiero Unirme<\/span>\n                                    <i class=\"fa fa-chevron-right\"><\/i>\n                            <\/a>\n        <\/div>\n\n    \n<\/div>\n\t\t\t\t<\/div>\n\t\t\t\t<\/div>\n\t\t\t\t\t<\/div>\n\t\t<\/div>\n\t\t\t\t\t<\/div>\n\t\t<\/section>\n\t\t\t\t<\/div>\n\t\t","protected":false},"excerpt":{"rendered":"<p>USAID https:\/\/www.usaid.gov\/node\/87831\u00a0 Fundaci\u00f3n Carlos Slim\u00a0 Inicio \u00a0 Banco Interamericano de Desarrollo (BID)\u00a0 Trabaja para mejorar la calidad de vida en Am\u00e9rica Latina y el Caribe. \u00a0 Local Governments for Sustainability ICLEI Red global l\u00edder de m\u00e1s de 1.500 ciudades, ciudades y regiones comprometidas con la construcci\u00f3n de un futuro sostenible. \u00a0 Programa de las Naciones<\/p>\n","protected":false},"author":1,"featured_media":0,"parent":0,"menu_order":0,"comment_status":"closed","ping_status":"closed","template":"","meta":{"footnotes":""},"class_list":["post-7519","page","type-page","status-publish","hentry"],"_links":{"self":[{"href":"https:\/\/geccbc.org\/index.php?rest_route=\/wp\/v2\/pages\/7519","targetHints":{"allow":["GET"]}}],"collection":[{"href":"https:\/\/geccbc.org\/index.php?rest_route=\/wp\/v2\/pages"}],"about":[{"href":"https:\/\/geccbc.org\/index.php?rest_route=\/wp\/v2\/types\/page"}],"author":[{"embeddable":true,"href":"https:\/\/geccbc.org\/index.php?rest_route=\/wp\/v2\/users\/1"}],"replies":[{"embeddable":true,"href":"https:\/\/geccbc.org\/index.php?rest_route=%2Fwp%2Fv2%2Fcomments&post=7519"}],"version-history":[{"count":7,"href":"https:\/\/geccbc.org\/index.php?rest_route=\/wp\/v2\/pages\/7519\/revisions"}],"predecessor-version":[{"id":7526,"href":"https:\/\/geccbc.org\/index.php?rest_route=\/wp\/v2\/pages\/7519\/revisions\/7526"}],"wp:attachment":[{"href":"https:\/\/geccbc.org\/index.php?rest_route=%2Fwp%2Fv2%2Fmedia&parent=7519"}],"curies":[{"name":"wp","href":"https:\/\/api.w.org\/{rel}","templated":true}]}}